9
What are the prime factors of 42812?
2, 7, 11, 139
List the prime factors of 1584573.
3, 528191
What are the prime factors of 306555?
3, 5, 107, 191
List the prime factors of 1696855.
5, 17, 19963
List the prime factors of 17007674.
2, 8503837
What are the prime factors of 13938692?
2, 1021, 3413
List the prime factors of 361003.
361003
List the prime factors of 270005.
5, 54001
What are the prime factors of 5918217?
3, 1972739
What are the prime factors of 35791?
7, 5113
What are the prime factors of 392229?
3, 73, 199
List the prime factors of 244257.
3, 13, 6263
List the prime factors of 355166.
2, 7, 23, 1103
List the prime factors of 937542.
2, 3, 156257
What are the prime factors of 2141088?
2, 3, 22303
What are the prime factors of 1261754?
2, 13, 3733
List the prime factors of 134210.
2, 5, 13421
List the prime factors of 181505.
5, 31, 1171
List the prime factors of 3154494.
2, 3, 7, 19, 59, 67
List the prime factors of 15807244.
2, 3951811
What are the prime factors of 1112731?
1112731
List the prime factors of 234948.
2, 3, 7, 2797
What are the prime factors of 211409?
11, 19219
What are the prime factors of 382898?
2, 191449
What are the prime factors of 1605960?
2, 3, 5, 1487
What are the prime factors of 2505200?
2, 5, 6263
List the prime factors of 469571.
401, 1171
What are the prime factors of 2975941?
719, 4139
List the prime factors of 894142.
2, 37, 43, 281
What are the prime factors of 110185?
5, 22037
List the prime factors of 483571.
11, 43961
What are the prime factors of 4311275?
5, 331, 521
What are the prime factors of 15506898?
2, 3, 11, 47, 4999
What are the prime factors of 222420?
2, 3, 5, 11, 337
What are the prime factors of 7653?
3, 2551
List the prime factors of 2376402.
2, 3, 7, 59, 137
List the prime factors of 109472.
2, 11, 311
List the prime factors of 1675629.
3, 19, 41, 239
What are the prime factors of 2194827?
3, 103, 7103
What are the prime factors of 19745153?
19745153
What are the prime factors of 3401544?
2, 3, 141731
What are the prime factors of 3746795?
5, 13, 59, 977
List the prime factors of 829510.
2, 5, 11, 7541
List the prime factors of 26257.
7, 11, 31
List the prime factors of 513534.
2, 3, 7, 12227
What are the prime factors of 158624?
2, 4957
What are the prime factors of 1428008?
2, 178501
List the prime factors of 193095.
3, 5, 7, 613
List the prime factors of 176210.
2, 5, 67, 263
What are the prime factors of 424588?
2, 179, 593
List the prime factors of 12151387.
1009, 12043
List the prime factors of 1871625.
3, 5, 7, 23, 31
What are the prime factors of 6818293?
6818293
What are the prime factors of 113327?
113327
What are the prime factors of 913953?
3, 304651
What are the prime factors of 360930?
2, 3, 5, 53, 227
List the prime factors of 746424.
2, 3, 7, 1481
List the prime factors of 197681.
11, 17971
List the prime factors of 281548.
2, 59, 1193
What are the prime factors of 10684?
2, 2671
What are the prime factors of 307314?
2, 3, 7, 271
List the prime factors of 365869.
7, 52267
What are the prime factors of 1826658?
2, 3, 33827
List the prime factors of 607071.
3, 202357
What are the prime factors of 1772473?
1772473
What are the prime factors of 48902?
2, 7, 499
List the prime factors of 1133816.
2, 239, 593
List the prime factors of 531694.
2, 265847
List the prime factors of 26672058.
2, 3, 7, 41, 1721
What are the prime factors of 1825417?
11, 165947
What are the prime factors of 237259?
11, 21569
List the prime factors of 976691.
29, 33679
List the prime factors of 198122.
2, 23, 59, 73
List the prime factors of 15347265.
3, 5, 163, 6277
What are the prime factors of 5987387?
7, 73, 11717
What are the prime factors of 878288?
2, 17, 3229
What are the prime factors of 1416247?
7, 4129
What are the prime factors of 7955207?
13, 611939
List the prime factors of 109553.
71, 1543
What are the prime factors of 64693?
64693
What are the prime factors of 4570051?
19, 31, 7759
What are the prime factors of 2156468?
2, 241, 2237
List the prime factors of 13394782.
2, 41, 163351
List the prime factors of 6922342.
2, 7, 383, 1291
List the prime factors of 5834643.
3, 1944881
List the prime factors of 3015447.
3, 199, 5051
List the prime factors of 1753104.
2, 3, 36523
What are the prime factors of 7159527?
3, 795503
List the prime factors of 354253.
354253
What are the prime factors of 15272540?
2, 5, 763627
What are the prime factors of 251517?
3, 7, 29, 59
What are the prime factors of 1379234?
2, 151, 4567
List the prime factors of 3622176.
2, 3, 12577
List the prime factors of 534082.
2, 97, 2753
List the prime factors of 111358.
2, 13, 4283
List the prime factors of 2139316.
2, 113, 4733
List the prime factors of 5607604.
2, 461, 3041
What are the prime factors of 10737240?
2, 3, 5, 89477
List the prime factors of 6178930.
2, 5, 269, 2297
List the prime factors of 13474130.
2, 5, 1347413
List the prime factors of 1911193.
317, 6029
List the prime factors of 162556.
2, 40639
List the prime factors of 3387802.
2, 11, 153991
What are the prime factors of 2823986?
2, 11, 23, 5581
What are the prime factors of 3900205?
5, 780041
What are the prime factors of 1522867?
223, 6829
What are the prime factors of 7697009?
7697009
What are the prime factors of 212407?
13, 16339
What are the prime factors of 200286?
2, 3, 3709
What are the prime factors of 614196?
2, 3, 11, 47
List the prime factors of 339100.
2, 5, 3391
What are the prime factors of 1362360?
2, 3, 5, 11353
List the prime factors of 30543.
3, 10181
What are the prime factors of 392335?
5, 78467
List the prime factors of 16288766.
2, 13, 127, 4933
List the prime factors of 475531.
7, 67933
List the prime factors of 4074740.
2, 5, 19, 10723
What are the prime factors of 724584?
2, 3, 7, 19, 227
What are the prime factors of 210194?
2, 105097
List the prime factors of 879040.
2, 5, 41, 67
What are the prime factors of 1374654?
2, 3, 17, 13477
List the prime factors of 8266432.
2, 227, 569
List the prime factors of 2676106.
2, 17, 31, 2539
List the prime factors of 82292.
2, 7, 2939
What are the prime factors of 185077?
185077
List the prime factors of 3273758.
2, 17, 73, 1319
List the prime factors of 24546.
2, 3, 4091
List the prime factors of 190320.
2, 3, 5, 13, 61
List the prime factors of 1777011.
3, 592337
What are the prime factors of 26191103?
59, 443917
What are the prime factors of 153131?
11, 13921
List the prime factors of 6627201.
3, 7, 45083
What are the prime factors of 42684?
2, 3, 3557
What are the prime factors of 2077573?
83, 25031
List the prime factors of 5532654.
2, 3, 131, 7039
List the prime factors of 7862888.
2, 11, 199, 449
What are the prime factors of 1664737?
71, 23447
What are the prime factors of 343281?
3, 17, 53, 127
List the prime factors of 1014358.
2, 167, 3037
What are the prime factors of 17053265?
5, 877, 3889
What are the prime factors of 380326?
2, 397, 479
List the prime factors of 113928.
2, 3, 47, 101
List the prime factors of 943915.
5, 7, 149, 181
List the prime factors of 2186536.
2, 11, 24847
What are the prime factors of 23303442?
2, 3, 1861, 2087
What are the prime factors of 5582118?
2, 3, 757, 1229
What are the prime factors of 151775?
5, 13, 467
What are the prime factors of 564285?
3, 5, 37619
What are the prime factors of 6301?
6301
What are the prime factors of 3436493?
127, 27059
What are the prime factors of 163511?
113, 1447
What are the prime factors of 24465882?
2, 3, 7, 19, 23, 31, 43
List the prime factors of 15283839.
3, 67, 76039
List the prime factors of 217434.
2, 3, 7, 31, 167
List the prime factors of 188606.
2, 11, 8573
List the prime factors of 795222.
2, 3, 44179
List the prime factors of 1363401.
3, 13, 43, 271
What are the prime factors of 226290?
2, 3, 5, 19, 397
List the prime factors of 2270219.
7, 107, 433
List the prime factors of 970341.
3, 181, 1787
What are the prime factors of 19777?
19777
What are the prime factors of 4487238?
2, 3, 7, 1319
What are the prime factors of 2065716?
2, 3, 31, 617
What are the prime factors of 719039?
463, 1553
What are the prime factors of 482661?
3, 53629
What are the prime factors of 4742524?
2, 17, 97, 719
What are the prime factors of 1839601?
1839601
List the prime factors of 1105299.
3, 13, 47, 6